j) = 868*j - 20916. What is b(22)?
-1820
Let w(p) = 4*p**3 + 2*p**2 + 23*p + 199. Give w(-6).
-731
Let b(a) = 119693*a - 957538. Calculate b(8).
6
Let y(d) = -21927*d - 482406. Give y(-22).
-12
Let r(u) = -62*u + 2908. Determine r(35).
738
Let t(m) = -4*m**2 - 269*m + 6406. Calculate t(-86).
-44
Let z(w) = -390*w + 13330. Determine z(34).
70
Let w(z) = 21670*z - 823461. What is w(38)?
-1
Let m(p) = 2*p**2 - 142*p + 830. Determine m(64).
-66
Let s(a) = 447*a**3 + 9386*a**2 - 20*a + 26. Give s(-21).
5
Let o(p) = 117*p**2 - 3734*p - 77. Determine o(32).
243
Let z(j) = 3562*j - 121099. Determine z(34).
9
Let k(s) = 12*s**2 - 1392*s + 36850. What is k(41)?
-50
Let t(u) = 1029*u + 29281. What is t(-25)?
3556
Let b(k) = -6*k**2 - 118*k + 1232. Give b(12).
-1048
Let o(f) = 2*f**2 - 139*f - 23009. Determine o(-78).
1
Let u(m) = 2*m**3 + 24*m**2 - 19*m + 946. What is u(-15)?
-119
Let n(s) = 158*s - 17247. Calculate n(107).
-341
Let t(n) = 10*n**3 + 654*n**2 + 265*n + 340. Calculate t(-65).
15
Let x(v) = 3*v**3 - 16*v**2 + 49*v + 258. Give x(-5).
-762
Let g(l) = 2*l**3 + 5*l**2 - 887*l + 5187. What is g(6)?
477
Let x(z) = 2*z**3 - 2327*z**2 - 366430*z + 7816. Give x(1304).
-8
Let m(k) = -7781*k + 1089375. Determine m(140).
35
Let t(u) = -311*u**2 + 22797*u + 22798. Determine t(-1).
-310
Let w(g) = 15*g**2 - 149*g - 1660. What is w(-9)?
896
Let z(n) = -1032*n + 201861. Give z(195).
621
Let m(h) = 12*h**3 - 30*h**2 + 116*h - 100. What is m(3)?
302
Let t(g) = 49*g**2 - 12*g - 50. Calculate t(-6).
1786
Let x(n) = -90*n - 4762. Determine x(-57).
368
Let n(h) = -h**3 - 6*h**2 + 6436*h + 51354. Determine n(-8).
-6
Let i(t) = -t**3 - 10*t**2 + 374*t + 5. Determine i(15).
-10
Let a(b) = -b**2 + 84312*b + 1602297. What is a(-19)?
8
Let v(w) = -22*w**3 + 1846*w**2 - 3444*w + 86. Give v(82).
86
Let b(v) = 8*v**2 + 8737*v - 79289. Give b(9).
-8
Let k(c) = 110*c + 11761. Determine k(-99).
871
Let c(z) = -5*z**2 + 1160*z - 40679. What is c(43)?
-44
Let t(l) = 3*l**3 - 9*l**2 - 93*l + 97. Determine t(7).
34
Let k(w) = -229*w - 2335. What is k(-10)?
-45
Let b(j) = -2*j**2 + 4581*j - 54673. Determine b(12).
11
Let q(h) = -41*h**3 + 7*h**2 + 141*h + 540. Determine q(-4).
2712
Let d(k) = -70831*k - 9349700. Give d(-132).
-8
Let u(f) = f**3 + 83*f**2 - 13*f - 1160. Give u(-83).
-81
Let f(x) = -566*x - 14324. Calculate f(-23).
-1306
Let p(o) = 240*o + 31718. What is p(-132)?
38
Let o(p) = p**3 + 6*p**2 - 373*p - 2851. What is o(-18)?
-25
Let t(v) = -v**3 - 208*v**2 - 1983*v - 577. What is t(-198)?
17
Let g(d) = 9438*d - 84955. Determine g(9).
-13
Let h(k) = k**2 + 7449*k - 885260. Give h(117).
-38
Let w(y) = -10*y**3 - 58*y**2 - 125*y - 423. Calculate w(-5).
2
Let g(h) = 52*h**2 + 1726*h + 182. Give g(-33).
-148
Let x(f) = -4*f**2 + 895*f + 5756. Calculate x(230).
6
Let k(b) = b**3 + 236*b**2 + 5527*b + 53162. Give k(-211).
-10
Let j(r) = 1343*r + 8635. Determine j(-6).
577
Let b(g) = 39856*g - 119495. What is b(3)?
73
Let q(d) = -2*d**3 + 143*d**2 + 122*d - 1745. Give q(72).
1855
Let j(s) = 3*s**3 + 7*s**2 - 291732*s + 291726. Determine j(1).
4
Let r(j) = 2607*j**2 + 7871*j + 150. What is r(-3)?
0
Let c(n) = 490*n + 24676. Calculate c(-50).
176
Let t(p) = p**2 - 6392*p + 57535. Calculate t(9).
88
Let t(v) = -2468*v - 252170. What is t(-102)?
-434
Let p(l) = 2*l**2 - 10818*l + 108114. Give p(10).
134
Let b(y) = 5*y**3 - 26*y**2 - 50*y + 126. Determine b(7).
217
Let j(d) = -19043*d + 57131. Calculate j(3).
2
Let h(w) = -w**2 - 22*w + 6417. What is h(-92)?
-23
Let j(x) = 6*x**2 - 76*x + 186. Determine j(10).
26
Let t(u) = 145625*u - 3349393. Calculate t(23).
-18
Let n(w) = w**3 - 301*w**2 - 3145*w + 10881. Determine n(311).
-4
Let d(f) = -813224*f + 1626428. Give d(2).
-20
Let z(q) = -q**3 - 4*q**2 + 245*q + 1550. What is z(-7)?
-18
Let v(m) = 4148*m - 713440. What is v(172)?
16
Let u(k) = 3996*k - 239733. Give u(60).
27
Let n(b) = b**3 - 393*b**2 + 2316*b + 20. Calculate n(6).
-16
Let m(s) = -s**3 - 64*s**2 + 501*s + 407. Determine m(-71).
123
Let g(m) = 8712886*m - 87128860. Determine g(10).
0
Let t(c) = -214*c - 1016. Calculate t(-6).
268
Let d(t) = -7975*t + 167091. Give d(21).
-384
Let c(i) = 3*i**2 + 2359*i + 9411. Determine c(-4).
23
Let g(j) = -j**3 + 39*j**2 - 287*j + 15199. Calculate g(41).
70
Let x(t) = 11*t**3 - 30*t**2 - 271*t + 779. Calculate x(3).
-7
Let d(w) = 10*w**3 + 1466*w**2 + 2909*w + 32. Give d(-2).
-2
Let w(z) = z**3 - 519*z**2 - 245704*z + 3255. Determine w(819).
-21
Let n(i) = 6409*i - 660184. Determine n(103).
-57
Let s(w) = w**3 + 42*w**2 + 215*w - 158. Determine s(-19).
4060
Let n(o) = -10*o**2 - 176*o + 93. What is n(-14)?
597
Let m(u) = 2*u**2 + 8481*u + 135192. Determine m(-16).
8
Let r(f) = 535801*f + 2679038. Determine r(-5).
33
Let w(m) = -m**3 + 125*m**2 - 160*m + 4743. Give w(124).
279
Let w(u) = 246*u**3 + 5168*u**2 + 18*u - 264. Determine w(-21).
240
Let t(n) = -21*n**3 - 3*n**2 + n - 32. Calculate t(-4).
1260
Let l(s) = 3*s**2 + 8827*s - 97306. Give l(11).
154
Let p(n) = 13644*n + 1459891. Calculate p(-107).
-17
Let i(v) = -6*v**2 + 437*v - 1975. What is i(68)?
-3
Let n(m) = m**2 - 769*m + 15243. Determine n(20).
263
Let o(g) = -210766*g - 1264600. Determine o(-6).
-4
Let w(z) = z**3 - 133*z**2 + 148*z - 1592. Calculate w(132).
520
Let n(a) = -60*a**2 - 51*a - 14. Determine n(-1).
-23
Let l(v) = 27*v**2 - 9*v - 80. Give l(-2).
46
Let q(z) = -2761*z - 16658. Calculate q(-6).
-92
Let y(x) = -2109*x + 236185. Calculate y(112).
-23
Let q(b) = -4740*b + 4348. Give q(1).
-392
Let v(t) = -257*t**2 - 714*t - 4. What is v(-3)?
-175
Let z(s) = 2*s**3 - 1745*s**2 - 1667*s + 2213998. What is z(872)?
-10
Let l(x) = -52*x**2 - 231*x - 232. Give l(-1).
-53
Let z(c) = 3919*c + 1238465. Determine z(-316).
61
Let z(c) = -257*c - 51656. What is z(-201)?
1
Let a(x) = -8427*x + 674164. Calculate a(80).
4
Let u(r) = 2*r**3 + 199*r**2 - 169*r - 6761. Determine u(-100).
139
Let l(a) = 2*a**3 + 211*a**2 - 233*a + 21. Calculate l(0).
21
Let f(q) = -12891*q + 1147257. Give f(89).
-42
Let l(k) = -4*k**3 - 378*k**2 + 5105*k + 74. Determine l(12).
-10
Let x(s) = -s**3 - 222*s**2 - 12202*s - 154. What is x(-123)?
2921
Let o(n) = -n**2 - 986*n - 160654. Calculate o(-206).
26
Let n(w) = -w**3 - 63*w**2 + 200*w + 123. Calculate n(-66).
-9
Let b(f) = 1257*f - 132012. What is b(105)?
-27
Let c(q) = -135*q + 2134. Determine c(18).
-296
Let a(b) = -3*b**2 + 950*b + 43985. What is a(-41)?
-8
Let l(p) = -1563*p + 346992. Give l(222).
6
Let y(n) = -6*n**2 - 972*n - 7041. What is y(-154)?
351
Let h(b) = 15*b**3 - 120*b**2 + 14*b - 132. What is h(8)?
-20
Let k(u) = -29250*u - 1111545. What is k(-38)?
-45
Let l(m) = -3*m**3 + 210*m**2 - 37*m + 2287. Calculate l(70).
-303
Let o(n) = 30298*n - 1969370. What is o(65)?
0
Let q(p) = -238*p**3 - 43*p**2 - 243*p - 202. What is q(-1)?
236
Let o(n) = -n**3 - 59*n**2 - 493*n - 29514. Determine o(-59).
-427
Let l(w) = w**2 + 261*w - 361787. Calculate l(485).
23
Let z(q) = -q**3 - 14*q**2 + 3*q + 249. Give z(-13).
41
Let y(n) = -2*n**3 + 25*n**2 - 154*n + 2569. Give y(14).
-175
Let a(l) = -12557*l + 1255689. Calculate a(100).
-11
Let u(f) = -f**3 + 102*f**2 + 333*f - 1706. Calculate u(105).
184
Let s(q) = -267*q - 16292. Determine s(-66).
1330
Let k(m) = 7*m**2 + 5757*m + 5756. What is k(-1)?
6
Let q(r) = 427*r + 13888. What is q(-32)?
224
Let j(z) = 8211*z + 57322. Determine j(-7).
-155
Let o(y) = 6*y**2 - 193*y + 1866. Give o(12).
414
Let q(x) = 2*x**3 + 39*x**2 + 298*x + 557. Calculate q(-4).
-139
Let g(a) = -a**3 - 30*a**2 - 169*a - 304. Give g(-23).
-120
Let v(w) = 5*w**2 + 762*w - 12624. What is v(16)?
848
Let m(i) = -26*i**3 - 18*i**2 - 71*i + 1. Calculate m(-3).
754
Let t(k) = 2*k**2 - 20*k - 904. Calculate t(-21).
398
Let h(r) = 9217*r + 46817. Determine h(-5).
732
Let x(d) = -34*d**2 - 489*d + 1397. What is x(3)?
-376
Let m(n) = -127105*n - 127109. Calculate m(-1).
-4
Let a(b) = -3*b**2 + 30572*b + 367297. Determine a(-12).
1
Let f(n) = -4963*n - 193574. What is f(-39)?
-17
Let y(l) = l**3 + 4*l**2 - 121*l - 918. Calculate y(-10).
-308
Let z(d) = 5*d**2 + 259*d - 10562. Determine z(-80).
718
Let o(m) = m**3 - 207*m**2 - 2461*m - 681. Give o(-11).
12
Let l(b) = 6095*b - 207218. Give l(34).
12
Let o(l) = -27*l**2 - 59*l - 161. Giv